+ 290 = 0. What is the highest common divisor of 18 and y?
18
Suppose -5*n = 95 - 190. Suppose -n*f + 14*f + 120 = 0. Calculate the highest common factor of f and 3.
3
Let x be (-5 + -23)/((-11)/6 - (-5)/(-30)). Let k = 28 + 0. Calculate the greatest common divisor of k and x.
14
Suppose -35642 = 35*u - 140*u - 7082. Calculate the greatest common divisor of 578 and u.
34
Let g be -174 + 247 - 15/1. Calculate the highest common factor of 19894 and g.
58
Suppose 0 = 2*y + 3*f - 175, -313 = -5*y + 5*f + 162. Suppose 544*p = 541*p - 3*b, -2*p + 12 = -b. What is the highest common factor of y and p?
4
Suppose 16*x - 451 - 1089 = -39*x. Suppose 0 = -4*q + 4*p + 768, -5*q + p + 2*p + 968 = 0. Calculate the greatest common factor of q and x.
28
Let t(x) = 2*x + 9. Let p(u) = -u - 10. Let z(k) = -2*p(k) - 3*t(k). Suppose -3*w + w = 6. Let l be z(w). What is the greatest common factor of l and 40?
5
Let m = -749 + 3136. Calculate the highest common factor of m and 14.
7
Let b be (-21)/(-24)*(13 - 1) + 20/(-40). Calculate the greatest common divisor of 5710 and b.
10
Let j be ((-4)/(-3))/((-12)/(-45)). Suppose j*w = 15*w - 180. Calculate the highest common divisor of w and 12.
6
Let q = 1808 + -1279. Let y = -381008 - -381054. Calculate the highest common factor of y and q.
23
Let m(d) = -d**3 - 44*d**2 - 476*d - 160. Let o be m(-26). What is the highest common factor of o and 1936?
16
Let w(a) = 3*a**2 - 24*a + 63. Let b be w(6). Suppose -x = -32 + b. Let n = 11 - 10. What is the greatest common divisor of n and x?
1
Let g = 11822 - 5542. What is the highest common factor of 20 and g?
20
Let h(z) = 966*z**3 + 4*z**2 - 13*z + 8. Let n be h(1). Calculate the highest common divisor of 5 and n.
5
Suppose -3*i = -4*i + 407. Suppose -4*n + 4*r = -144, 91*r - 95*r = 5*n - 189. Calculate the highest common factor of i and n.
37
Let c(f) = -f**2 - 6*f + 34. Let s be c(-9). Suppose 12*l - 262 + 10 = 0. Calculate the highest common divisor of l and s.
7
Suppose 5*y + 5*a - 415 = 0, -2*y + 57*a - 52*a + 173 = 0. Calculate the highest common divisor of y and 273.
21
Let m(k) = -6*k**2 - 113*k - 2. Let q be m(-18). What is the greatest common factor of 3212 and q?
44
Let v be 1197/12 - (-2)/8. Suppose 2*s + 5*r = 4*r + 170, 0 = s - 3*r - 71. Let f = s - 58. What is the greatest common divisor of f and v?
25
Let k be 1 + (1/2)/((-5)/480). Let c = k + 40. Let r be (34/(2 - 4))/(c - -6). What is the greatest common divisor of r and 17?
17
Suppose 4*c + 2*t - 402 = 0, 244*c - 249*c + 500 = 5*t. Calculate the greatest common divisor of c and 3131.
101
Let b = -62 - -64. Let i(w) = -w**3 + 3*w**2 - 4*w + 4. Let s be i(b). Suppose s = -21*h + 20*h + 19. Calculate the highest common factor of h and 209.
19
Let t = 22268 - 21528. Calculate the highest common divisor of t and 60.
20
Suppose -515*f + 1276 = -2329. Suppose 3*b + 146 = 5*i, 5*b + 150 = 6*i - i. Calculate the highest common factor of i and f.
7
Suppose 5*m - 3*z = 399, -3*z = 85*m - 83*m - 168. Calculate the highest common divisor of m and 189.
27
Suppose 2*u - 120 = -u. Suppose -9*g - 22 = -u. Suppose -3*v = -5*x - 5*v + 14, -g*x = -5*v + 6. What is the highest common divisor of 18 and x?
2
Let w = -658 - -336. Let j = 520 + w. Suppose 0 = g + 2*t - 5*t - 55, j = 3*g + 2*t. What is the greatest common divisor of 96 and g?
32
Let x(q) = 4*q**2 - 80*q - 259. Let f be x(-29). What is the greatest common divisor of f and 7?
7
Suppose -14*q + 238 - 14 = 0. Let u be (76/q)/((-5)/(-220)). What is the highest common factor of u and 11?
11
Let m = 24 - 0. Suppose -7*t - m = -10*t. Let y = t + 2. What is the greatest common factor of 10 and y?
10
Let g be 145770/25 - ((-18)/120)/(1/8). What is the greatest common factor of 72 and g?
72
Let s(k) = -k**3 + 8*k**2 - 5*k + 6. Let w(c) = -c**2 + 5*c + 31. Let t be w(8). Let d be s(t). Calculate the highest common factor of d and 10.
10
Let w be 48/(-6)*(-1)/1. Let p = 13 + -10. Suppose 2*t - 5 = p*z, -2*t = 2*t - 4*z - 12. Calculate the greatest common factor of w and t.
4
Let f be (-130)/(-15)*(-33)/(-2). Let k = -1002 + 1460. Suppose -k = -7*q - f. Calculate the greatest common divisor of q and 495.
45
Suppose -3*n = -3*t - 102, -2*n + 0*n = -t - 63. Suppose 7*f = 10*f - 5*l - n, -3*f + 69 = 3*l. Let v = 3 - 1. What is the greatest common factor of f and v?
2
Let i be (334 - 2) + 18/3 + -3. Suppose i = 11*s - 116. Let m = 80 - s. Calculate the greatest common divisor of 52 and m.
13
Let y(q) = q**3 + 5*q**2 + 3*q - 2. Let l be y(-4). Suppose -l*v + 70 = 14. Let r = 60 - -192. What is the greatest common factor of v and r?
28
Let o = -2354 - -1494. Let r = o + 935. Calculate the greatest common factor of 135 and r.
15
Suppose -8*z + 28 = -6*z. Suppose -z*v = -665 + 105. What is the greatest common divisor of v and 50?
10
Let m be (-6 - 4/4) + (-75 - -93). Let w be (-158)/(-2*(-1)/(-11)). Calculate the greatest common factor of w and m.
11
Let g = -355 - -362. Let c(y) = 13*y**2 + 4*y + 5. Let n be c(g). What is the greatest common divisor of n and 10?
10
Suppose -2186 = -11*i - 404. Suppose 168 = 15*l - i. Calculate the highest common divisor of l and 44.
22
Suppose -955 = 14*g - 19*g + 59 - 39. Suppose 5*w = 104 + 91. What is the highest common factor of w and g?
39
Let q = 17 - 5. Suppose -6 = 3*g - 9*j + 6*j, 3*g - 29 = -4*j. Calculate the greatest common divisor of q and g.
3
Suppose 10*s - 7 = 23. Suppose s*u + 4*v - 333 = 3*v, 6 = -2*v. Let z(f) = 15*f**2 - 1. Let w be z(-1). What is the highest common factor of u and w?
14
Let i(r) = -r**2 - 6*r + 1. Suppose 0 = 5*h + 2*f - 0*f + 15, -h - f = 0. Let c be i(h). Calculate the greatest common divisor of 246 and c.
6
Let j = -1388 + 1420. Calculate the highest common factor of 976 and j.
16
Let r(a) = a**3 + 31*a**2 + 170*a + 90. Let t be r(-11). Calculate the greatest common factor of 2048 and t.
128
Let k = -72 - -75. Suppose -6*a + k*n - 12 = -a, -4*a - 9 = -3*n. Let g be (60/8 - 0)*(1 - a). What is the greatest common divisor of 15 and g?
15
Let x = -154 - -156. Let k(h) = 23*h - 16. Let o be k(x). What is the highest common factor of 210 and o?
30
Suppose -9*k - 566 = 1936. Let u = k - -558. What is the highest common divisor of u and 40?
40
Let r(g) = 2*g**3 + 16*g**2 - 15*g - 15. Let z be r(-5). Suppose 5*c - 4*q = 237, q + 195 = 4*c - 4*q. Calculate the highest common factor of z and c.
15
Suppose 21*s - 91627 + 22636 = 55665. Calculate the greatest common divisor of 280 and s.
56
Let x be ((-7)/((-168)/18))/((10/(-64))/(-5)). What is the highest common divisor of 1896 and x?
24
Suppose 0 = 5*i - 65 + 20. Let v(s) = 107 + 2*s - 106 - 3*s - 7*s. Let f be v(-1). What is the greatest common factor of f and i?
9
Suppose d + 3*p = 19, -11 = -d + 642*p - 643*p. Let o = 133 + -21. Calculate the highest common divisor of d and o.
7
Let h(l) = 106*l**2 - 2. Let s be h(2). Suppose 2*u + q + 430 = 0, -4*u - 4*q - 1335 = -463. Let x = s + u. What is the highest common factor of x and 30?
30
Suppose 4*r + 5*u - 3 = 0, 13*r - 4*u - 12 = 9*r. Let v(d) = 7*d + 5. Let j be v(r). Calculate the highest common divisor of j and 57.
19
Let h(a) = 2*a + 34. Let r be h(18). Suppose -121*w = -116*w - r. Calculate the highest common divisor of w and 21.
7
Let a be (-22)/(-4)*2*(-5 + 7). Let q = a - 17. Suppose -q*z = 2*i - 35, -z - 3*z + 4*i = 0. Calculate the greatest common divisor of z and 1.
1
Let i be (4 - 80/24) + 227/(-3). Let y = 85 + i. Calculate the highest common divisor of y and 70.
10
Suppose 3*k + 34 = 34. Suppose -2*u + 12 = -s, u + 3*s = -k*u - 8. Suppose 2*d = u*d - 232. Calculate the highest common divisor of d and 29.
29
Suppose 0 = 3838*m - 3839*m + 22. Let o = 89 + -34. Calculate the highest common factor of m and o.
11
Let a be -6 + (-3 - -7)*351/36. Suppose -4*s = 4*h - 570 - 1682, 0 = s + 2*h - 565. What is the highest common divisor of s and a?
33
Suppose 28*k = 54*k - 32*k. Let o be (-9 + (k - -2))*(-1 - 4). What is the highest common factor of o and 10?
5
Let f be (10/(-7))/(-5 + (-12872)/(-15456)*6). Calculate the highest common divisor of 1265 and f.
115
Let n be 6415/(-20) - (-3)/(-12). Let t = -171 - n. Suppose 0 = 7*m - 4*m - t. Calculate the highest common factor of 75 and m.
25
Let s be ((-21)/(-2))/3*(